{"id":107,"date":"2024-06-20T12:36:25","date_gmt":"2024-06-20T12:36:25","guid":{"rendered":"https:\/\/partyservice-huber.ch\/cms\/?page_id=107"},"modified":"2024-06-20T13:18:44","modified_gmt":"2024-06-20T13:18:44","slug":"home","status":"publish","type":"page","link":"https:\/\/partyservice-huber.ch\/cms\/","title":{"rendered":"Home"},"content":{"rendered":"\t\t<div data-elementor-type=\"wp-page\" data-elementor-id=\"107\" class=\"elementor elementor-107\">\n\t\t\t\t<div class=\"elementor-element elementor-element-843fa3e e-flex e-con-boxed e-con e-parent\" data-id=\"843fa3e\" data-element_type=\"container\">\n\t\t\t\t\t<div class=\"e-con-inner\">\n\t\t<div class=\"elementor-element elementor-element-f4c7f32 e-con-full e-flex e-con e-child\" data-id=\"f4c7f32\" data-element_type=\"container\" data-settings=\"{&quot;background_background&quot;:&quot;classic&quot;}\">\n\t\t\t\t<div class=\"elementor-element elementor-element-9a79cbf elementor-widget elementor-widget-image\" data-id=\"9a79cbf\" data-element_type=\"widget\" data-widget_type=\"image.default\">\n\t\t\t\t<div class=\"elementor-widget-container\">\n\t\t\t\t\t\t\t\t\t\t\t\t\t\t\t<img fetchpriority=\"high\" decoding=\"async\" width=\"1000\" height=\"658\" src=\"https:\/\/partyservice-huber.ch\/cms\/wp-content\/uploads\/2024\/06\/banner.jpg\" class=\"attachment-large size-large wp-image-73\" alt=\"\" srcset=\"https:\/\/partyservice-huber.ch\/cms\/wp-content\/uploads\/2024\/06\/banner.jpg 1000w, https:\/\/partyservice-huber.ch\/cms\/wp-content\/uploads\/2024\/06\/banner-300x197.jpg 300w, https:\/\/partyservice-huber.ch\/cms\/wp-content\/uploads\/2024\/06\/banner-768x505.jpg 768w\" sizes=\"(max-width: 1000px) 100vw, 1000px\" \/>\t\t\t\t\t\t\t\t\t\t\t\t\t\t\t<\/div>\n\t\t\t\t<\/div>\n\t\t<div class=\"elementor-element elementor-element-e70ce1c e-grid e-con-full elementor-hidden-tablet elementor-hidden-mobile e-con e-child\" data-id=\"e70ce1c\" data-element_type=\"container\">\n\t\t\t\t<div class=\"elementor-element elementor-element-99090a2 elementor-hidden-tablet elementor-hidden-mobile elementor-widget elementor-widget-text-editor\" data-id=\"99090a2\" data-element_type=\"widget\" data-widget_type=\"text-editor.default\">\n\t\t\t\t<div class=\"elementor-widget-container\">\n\t\t\t\t\t\t\t\t\t<p>Annelise &amp; Andreas Huber<br \/>Dorfstrasse 35<br \/>CH-7323 Wangs<\/p>\t\t\t\t\t\t\t\t<\/div>\n\t\t\t\t<\/div>\n\t\t\t\t<div class=\"elementor-element elementor-element-75533d9 elementor-hidden-tablet elementor-hidden-mobile elementor-widget elementor-widget-text-editor\" data-id=\"75533d9\" data-element_type=\"widget\" data-widget_type=\"text-editor.default\">\n\t\t\t\t<div class=\"elementor-widget-container\">\n\t\t\t\t\t\t\t\t\t<p>Telefon 081 723 10 91<br \/>Mobile 079 643 12 95<br \/><span style=\"color: #980134;\"><a style=\"color: #980134;\" rel=\"noreferrer\">info@partyservice-huber.ch<\/a><\/span><\/p>\t\t\t\t\t\t\t\t<\/div>\n\t\t\t\t<\/div>\n\t\t\t\t<\/div>\n\t\t\t\t<div class=\"elementor-element elementor-element-767e12c elementor-widget elementor-widget-spacer\" data-id=\"767e12c\" data-element_type=\"widget\" data-widget_type=\"spacer.default\">\n\t\t\t\t<div class=\"elementor-widget-container\">\n\t\t\t\t\t\t\t<div class=\"elementor-spacer\">\n\t\t\t<div class=\"elementor-spacer-inner\"><\/div>\n\t\t<\/div>\n\t\t\t\t\t\t<\/div>\n\t\t\t\t<\/div>\n\t\t\t\t<div class=\"elementor-element elementor-element-c765146 elementor-hidden-desktop elementor-widget elementor-widget-text-editor\" data-id=\"c765146\" data-element_type=\"widget\" data-widget_type=\"text-editor.default\">\n\t\t\t\t<div class=\"elementor-widget-container\">\n\t\t\t\t\t\t\t\t\t<p style=\"text-align: center;\">Annelise &amp; Andreas Huber<br \/>Dorfstrasse 35<br \/>CH-7323 Wangs<br \/>Telefon 081 723 10 91<br \/>Mobile 079 643 12 95<br \/><span style=\"color: #980134;\"><a style=\"color: #980134;\" rel=\"noreferrer\">info@partyservice-huber.ch<\/a><\/span><\/p>\t\t\t\t\t\t\t\t<\/div>\n\t\t\t\t<\/div>\n\t\t\t\t<div class=\"elementor-element elementor-element-6dc8ded elementor-widget elementor-widget-text-editor\" data-id=\"6dc8ded\" data-element_type=\"widget\" data-widget_type=\"text-editor.default\">\n\t\t\t\t<div class=\"elementor-widget-container\">\n\t\t\t\t\t\t\t\t\t<p style=\"text-align: center;\">Wir empfehlen uns f\u00fcr<br \/>Familienfeste, Firmenanl\u00e4sse,<br \/>Festorganisation jeglicher Art.<\/p>\t\t\t\t\t\t\t\t<\/div>\n\t\t\t\t<\/div>\n\t\t\t\t<div class=\"elementor-element elementor-element-cd88651 elementor-widget elementor-widget-text-editor\" data-id=\"cd88651\" data-element_type=\"widget\" data-widget_type=\"text-editor.default\">\n\t\t\t\t<div class=\"elementor-widget-container\">\n\t\t\t\t\t\t\t\t\t<p style=\"text-align: center;\">Menues nach ihrer Wahl,<br \/>Salatb\u00fcffet, Grill,<br \/>Raclette, Fondueplausch,<br \/>Vermietung von Festmaterial.<\/p>\t\t\t\t\t\t\t\t<\/div>\n\t\t\t\t<\/div>\n\t\t\t\t<div class=\"elementor-element elementor-element-99a19c4 elementor-widget elementor-widget-text-editor\" data-id=\"99a19c4\" data-element_type=\"widget\" data-widget_type=\"text-editor.default\">\n\t\t\t\t<div class=\"elementor-widget-container\">\n\t\t\t\t\t\t\t\t\t<p style=\"text-align: center;\">F\u00fcr Ihre Veranstaltung bieten wir Ihnen<br \/>den Party-Komplettservice aus einer Hand.<br \/>Ob Dekoration, Geschirr oder Servicepersonal.<\/p>\t\t\t\t\t\t\t\t<\/div>\n\t\t\t\t<\/div>\n\t\t\t\t<div class=\"elementor-element elementor-element-ce62659 elementor-widget elementor-widget-text-editor\" data-id=\"ce62659\" data-element_type=\"widget\" data-widget_type=\"text-editor.default\">\n\t\t\t\t<div class=\"elementor-widget-container\">\n\t\t\t\t\t\t\t\t\t<p style=\"text-align: center;\"><strong>Mit Leidenschaft zur Perfektion<\/strong><\/p>\t\t\t\t\t\t\t\t<\/div>\n\t\t\t\t<\/div>\n\t\t\t\t<div class=\"elementor-element elementor-element-620c234 elementor-widget elementor-widget-image\" data-id=\"620c234\" data-element_type=\"widget\" data-widget_type=\"image.default\">\n\t\t\t\t<div class=\"elementor-widget-container\">\n\t\t\t\t\t\t\t\t\t\t\t\t\t\t\t<img decoding=\"async\" width=\"427\" height=\"174\" src=\"https:\/\/partyservice-huber.ch\/cms\/wp-content\/uploads\/2024\/06\/texthome-Kopie.jpg\" class=\"attachment-large size-large wp-image-119\" alt=\"\" srcset=\"https:\/\/partyservice-huber.ch\/cms\/wp-content\/uploads\/2024\/06\/texthome-Kopie.jpg 427w, https:\/\/partyservice-huber.ch\/cms\/wp-content\/uploads\/2024\/06\/texthome-Kopie-300x122.jpg 300w\" sizes=\"(max-width: 427px) 100vw, 427px\" \/>\t\t\t\t\t\t\t\t\t\t\t\t\t\t\t<\/div>\n\t\t\t\t<\/div>\n\t\t\t\t<div class=\"elementor-element elementor-element-d6bd903 elementor-widget elementor-widget-text-editor\" data-id=\"d6bd903\" data-element_type=\"widget\" data-widget_type=\"text-editor.default\">\n\t\t\t\t<div class=\"elementor-widget-container\">\n\t\t\t\t\t\t\t\t\t<p style=\"text-align: center;\">Bei uns ist Ihre Feier in guten H\u00e4nden.<br \/>Profitieren Sie von unserer langj\u00e4hrigen Erfahrung.<br \/>Wir beraten Sie gerne kompetent und mit Herz.<\/p>\t\t\t\t\t\t\t\t<\/div>\n\t\t\t\t<\/div>\n\t\t\t\t<\/div>\n\t\t\t\t\t<\/div>\n\t\t\t\t<\/div>\n\t\t<div class=\"elementor-element elementor-element-e4db953 e-flex e-con-boxed e-con e-parent\" data-id=\"e4db953\" data-element_type=\"container\">\n\t\t\t\t\t<div class=\"e-con-inner\">\n\t\t\t\t<div class=\"elementor-element elementor-element-c2ac737 elementor-widget elementor-widget-spacer\" data-id=\"c2ac737\" data-element_type=\"widget\" data-widget_type=\"spacer.default\">\n\t\t\t\t<div class=\"elementor-widget-container\">\n\t\t\t\t\t\t\t<div class=\"elementor-spacer\">\n\t\t\t<div class=\"elementor-spacer-inner\"><\/div>\n\t\t<\/div>\n\t\t\t\t\t\t<\/div>\n\t\t\t\t<\/div>\n\t\t\t\t<div class=\"elementor-element elementor-element-7d21e4b elementor-widget elementor-widget-image-carousel\" data-id=\"7d21e4b\" data-element_type=\"widget\" data-settings=\"{&quot;slides_to_show&quot;:&quot;1&quot;,&quot;navigation&quot;:&quot;none&quot;,&quot;autoplay&quot;:&quot;yes&quot;,&quot;pause_on_hover&quot;:&quot;yes&quot;,&quot;pause_on_interaction&quot;:&quot;yes&quot;,&quot;autoplay_speed&quot;:5000,&quot;infinite&quot;:&quot;yes&quot;,&quot;effect&quot;:&quot;slide&quot;,&quot;speed&quot;:500}\" data-widget_type=\"image-carousel.default\">\n\t\t\t\t<div class=\"elementor-widget-container\">\n\t\t\t\t\t\t\t<div class=\"elementor-image-carousel-wrapper swiper\" role=\"region\" aria-roledescription=\"carousel\" aria-label=\"Bild Karussell\" dir=\"ltr\">\n\t\t\t<div class=\"elementor-image-carousel swiper-wrapper swiper-image-stretch\" aria-live=\"off\">\n\t\t\t\t\t\t\t\t<div class=\"swiper-slide\" role=\"group\" aria-roledescription=\"slide\" aria-label=\"1 von 16\"><figure class=\"swiper-slide-inner\"><img decoding=\"async\" class=\"swiper-slide-image\" src=\"https:\/\/partyservice-huber.ch\/cms\/wp-content\/uploads\/2024\/06\/q.jpg\" alt=\"q\" \/><\/figure><\/div><div class=\"swiper-slide\" role=\"group\" aria-roledescription=\"slide\" aria-label=\"2 von 16\"><figure class=\"swiper-slide-inner\"><img decoding=\"async\" class=\"swiper-slide-image\" src=\"https:\/\/partyservice-huber.ch\/cms\/wp-content\/uploads\/2024\/06\/p.jpg\" alt=\"p\" \/><\/figure><\/div><div class=\"swiper-slide\" role=\"group\" aria-roledescription=\"slide\" aria-label=\"3 von 16\"><figure class=\"swiper-slide-inner\"><img decoding=\"async\" class=\"swiper-slide-image\" src=\"https:\/\/partyservice-huber.ch\/cms\/wp-content\/uploads\/2024\/06\/o.jpg\" alt=\"o\" \/><\/figure><\/div><div class=\"swiper-slide\" role=\"group\" aria-roledescription=\"slide\" aria-label=\"4 von 16\"><figure class=\"swiper-slide-inner\"><img decoding=\"async\" class=\"swiper-slide-image\" src=\"https:\/\/partyservice-huber.ch\/cms\/wp-content\/uploads\/2024\/06\/n.jpg\" alt=\"n\" \/><\/figure><\/div><div class=\"swiper-slide\" role=\"group\" aria-roledescription=\"slide\" aria-label=\"5 von 16\"><figure class=\"swiper-slide-inner\"><img decoding=\"async\" class=\"swiper-slide-image\" src=\"https:\/\/partyservice-huber.ch\/cms\/wp-content\/uploads\/2024\/06\/m.jpg\" alt=\"m\" \/><\/figure><\/div><div class=\"swiper-slide\" role=\"group\" aria-roledescription=\"slide\" aria-label=\"6 von 16\"><figure class=\"swiper-slide-inner\"><img decoding=\"async\" class=\"swiper-slide-image\" src=\"https:\/\/partyservice-huber.ch\/cms\/wp-content\/uploads\/2024\/06\/l.jpg\" alt=\"l\" \/><\/figure><\/div><div class=\"swiper-slide\" role=\"group\" aria-roledescription=\"slide\" aria-label=\"7 von 16\"><figure class=\"swiper-slide-inner\"><img decoding=\"async\" class=\"swiper-slide-image\" src=\"https:\/\/partyservice-huber.ch\/cms\/wp-content\/uploads\/2024\/06\/k.jpg\" alt=\"k\" \/><\/figure><\/div><div class=\"swiper-slide\" role=\"group\" aria-roledescription=\"slide\" aria-label=\"8 von 16\"><figure class=\"swiper-slide-inner\"><img decoding=\"async\" class=\"swiper-slide-image\" src=\"https:\/\/partyservice-huber.ch\/cms\/wp-content\/uploads\/2024\/06\/i.jpg\" alt=\"i\" \/><\/figure><\/div><div class=\"swiper-slide\" role=\"group\" aria-roledescription=\"slide\" aria-label=\"9 von 16\"><figure class=\"swiper-slide-inner\"><img decoding=\"async\" class=\"swiper-slide-image\" src=\"https:\/\/partyservice-huber.ch\/cms\/wp-content\/uploads\/2024\/06\/h.jpg\" alt=\"h\" \/><\/figure><\/div><div class=\"swiper-slide\" role=\"group\" aria-roledescription=\"slide\" aria-label=\"10 von 16\"><figure class=\"swiper-slide-inner\"><img decoding=\"async\" class=\"swiper-slide-image\" src=\"https:\/\/partyservice-huber.ch\/cms\/wp-content\/uploads\/2024\/06\/g.jpg\" alt=\"g\" \/><\/figure><\/div><div class=\"swiper-slide\" role=\"group\" aria-roledescription=\"slide\" aria-label=\"11 von 16\"><figure class=\"swiper-slide-inner\"><img decoding=\"async\" class=\"swiper-slide-image\" src=\"https:\/\/partyservice-huber.ch\/cms\/wp-content\/uploads\/2024\/06\/f.jpg\" alt=\"f\" \/><\/figure><\/div><div class=\"swiper-slide\" role=\"group\" aria-roledescription=\"slide\" aria-label=\"12 von 16\"><figure class=\"swiper-slide-inner\"><img decoding=\"async\" class=\"swiper-slide-image\" src=\"https:\/\/partyservice-huber.ch\/cms\/wp-content\/uploads\/2024\/06\/e.jpg\" alt=\"e\" \/><\/figure><\/div><div class=\"swiper-slide\" role=\"group\" aria-roledescription=\"slide\" aria-label=\"13 von 16\"><figure class=\"swiper-slide-inner\"><img decoding=\"async\" class=\"swiper-slide-image\" src=\"https:\/\/partyservice-huber.ch\/cms\/wp-content\/uploads\/2024\/06\/d.jpg\" alt=\"d\" \/><\/figure><\/div><div class=\"swiper-slide\" role=\"group\" aria-roledescription=\"slide\" aria-label=\"14 von 16\"><figure class=\"swiper-slide-inner\"><img decoding=\"async\" class=\"swiper-slide-image\" src=\"https:\/\/partyservice-huber.ch\/cms\/wp-content\/uploads\/2024\/06\/c.jpg\" alt=\"c\" \/><\/figure><\/div><div class=\"swiper-slide\" role=\"group\" aria-roledescription=\"slide\" aria-label=\"15 von 16\"><figure class=\"swiper-slide-inner\"><img decoding=\"async\" class=\"swiper-slide-image\" src=\"https:\/\/partyservice-huber.ch\/cms\/wp-content\/uploads\/2024\/06\/b.jpg\" alt=\"b\" \/><\/figure><\/div><div class=\"swiper-slide\" role=\"group\" aria-roledescription=\"slide\" aria-label=\"16 von 16\"><figure class=\"swiper-slide-inner\"><img decoding=\"async\" class=\"swiper-slide-image\" src=\"https:\/\/partyservice-huber.ch\/cms\/wp-content\/uploads\/2024\/06\/a.jpg\" alt=\"a\" \/><\/figure><\/div>\t\t\t<\/div>\n\t\t\t\t\t\t\t\n\t\t\t\t\t\t\t\t\t<\/div>\n\t\t\t\t\t\t<\/div>\n\t\t\t\t<\/div>\n\t\t\t\t<div class=\"elementor-element elementor-element-0f71c9d elementor-widget elementor-widget-spacer\" data-id=\"0f71c9d\" data-element_type=\"widget\" data-widget_type=\"spacer.default\">\n\t\t\t\t<div class=\"elementor-widget-container\">\n\t\t\t\t\t\t\t<div class=\"elementor-spacer\">\n\t\t\t<div class=\"elementor-spacer-inner\"><\/div>\n\t\t<\/div>\n\t\t\t\t\t\t<\/div>\n\t\t\t\t<\/div>\n\t\t\t\t\t<\/div>\n\t\t\t\t<\/div>\n\t\t\t\t<\/div>\n\t\t","protected":false},"excerpt":{"rendered":"<p>Annelise &amp; Andreas HuberDorfstrasse 35CH-7323 Wangs Telefon 081 723 10 91Mobile 079 643 12 95info@partyservice-huber.ch Annelise &amp; Andreas HuberDorfstrasse 35CH-7323 WangsTelefon 081 723 10 91Mobile 079 643 12 95info@partyservice-huber.ch Wir empfehlen uns f\u00fcrFamilienfeste, Firmenanl\u00e4sse,Festorganisation jeglicher Art. Menues nach ihrer Wahl,Salatb\u00fcffet, Grill,Raclette, Fondueplausch,Vermietung von Festmaterial. F\u00fcr Ihre Veranstaltung bieten wir Ihnenden Party-Komplettservice aus einer Hand.Ob Dekoration,&hellip;&nbsp;<a href=\"https:\/\/partyservice-huber.ch\/cms\/\" class=\"\" rel=\"bookmark\">Weiterlesen &raquo;<span class=\"screen-reader-text\">Home<\/span><\/a><\/p>\n","protected":false},"author":1,"featured_media":0,"parent":0,"menu_order":0,"comment_status":"closed","ping_status":"closed","template":"elementor_header_footer","meta":{"neve_meta_sidebar":"","neve_meta_container":"","neve_meta_enable_content_width":"","neve_meta_content_width":0,"neve_meta_title_alignment":"","neve_meta_author_avatar":"","neve_post_elements_order":"","neve_meta_disable_header":"","neve_meta_disable_footer":"","neve_meta_disable_title":"","footnotes":""},"class_list":["post-107","page","type-page","status-publish","hentry"],"_links":{"self":[{"href":"https:\/\/partyservice-huber.ch\/cms\/wp-json\/wp\/v2\/pages\/107","targetHints":{"allow":["GET"]}}],"collection":[{"href":"https:\/\/partyservice-huber.ch\/cms\/wp-json\/wp\/v2\/pages"}],"about":[{"href":"https:\/\/partyservice-huber.ch\/cms\/wp-json\/wp\/v2\/types\/page"}],"author":[{"embeddable":true,"href":"https:\/\/partyservice-huber.ch\/cms\/wp-json\/wp\/v2\/users\/1"}],"replies":[{"embeddable":true,"href":"https:\/\/partyservice-huber.ch\/cms\/wp-json\/wp\/v2\/comments?post=107"}],"version-history":[{"count":22,"href":"https:\/\/partyservice-huber.ch\/cms\/wp-json\/wp\/v2\/pages\/107\/revisions"}],"predecessor-version":[{"id":134,"href":"https:\/\/partyservice-huber.ch\/cms\/wp-json\/wp\/v2\/pages\/107\/revisions\/134"}],"wp:attachment":[{"href":"https:\/\/partyservice-huber.ch\/cms\/wp-json\/wp\/v2\/media?parent=107"}],"curies":[{"name":"wp","href":"https:\/\/api.w.org\/{rel}","templated":true}]}}